{"id":82,"date":"2015-04-23T16:19:32","date_gmt":"2015-04-23T13:19:32","guid":{"rendered":"http:\/\/liipetti.net\/aviisi\/?page_id=82"},"modified":"2018-05-06T12:53:35","modified_gmt":"2018-05-06T09:53:35","slug":"info","status":"publish","type":"page","link":"http:\/\/liipetti.net\/aviisi\/info\/","title":{"rendered":"Info"},"content":{"rendered":"<p><strong>Me\u00e4nmaa-nettiaviisi<\/strong><\/p>\n<p><em>Julkasija<\/em>: Me\u00e4nmaa-f\u00f6reeninki<\/p>\n<p><strong> \u00a0<a href=\"http:\/\/liipetti.net\/aviisi\/wp-content\/uploads\/2015\/04\/logga_meanmaa.jpg\"><img loading=\"lazy\" decoding=\"async\" class=\"alignnone  wp-image-103\" src=\"http:\/\/liipetti.net\/aviisi\/wp-content\/uploads\/2015\/04\/logga_meanmaa-300x300.jpg\" alt=\"logga_meanmaa\" width=\"181\" height=\"181\" srcset=\"http:\/\/liipetti.net\/aviisi\/wp-content\/uploads\/2015\/04\/logga_meanmaa-300x300.jpg 300w, http:\/\/liipetti.net\/aviisi\/wp-content\/uploads\/2015\/04\/logga_meanmaa-150x150.jpg 150w, http:\/\/liipetti.net\/aviisi\/wp-content\/uploads\/2015\/04\/logga_meanmaa.jpg 354w\" sizes=\"auto, (max-width: 181px) 100vw, 181px\" \/><\/a><\/strong><\/p>\n<p><em>Vastaava toimittaja:<\/em> Bengt Pohjanen<\/p>\n<p><a href=\"http:\/\/liipetti.net\/aviisi\/wp-content\/uploads\/2015\/04\/Bengt-Pohjanen_Foto_Marianne-Berglund.jpg\"><img loading=\"lazy\" decoding=\"async\" class=\"alignnone  wp-image-83\" src=\"http:\/\/liipetti.net\/aviisi\/wp-content\/uploads\/2015\/04\/Bengt-Pohjanen_Foto_Marianne-Berglund-212x300.jpg\" alt=\"Bengt Pohjanen_Foto_Marianne Berglund\" width=\"163\" height=\"231\" srcset=\"http:\/\/liipetti.net\/aviisi\/wp-content\/uploads\/2015\/04\/Bengt-Pohjanen_Foto_Marianne-Berglund-212x300.jpg 212w, http:\/\/liipetti.net\/aviisi\/wp-content\/uploads\/2015\/04\/Bengt-Pohjanen_Foto_Marianne-Berglund-723x1024.jpg 723w, http:\/\/liipetti.net\/aviisi\/wp-content\/uploads\/2015\/04\/Bengt-Pohjanen_Foto_Marianne-Berglund.jpg 1001w\" sizes=\"auto, (max-width: 163px) 100vw, 163px\" \/><\/a><\/p>\n<p><em>Osote:<br \/>\n<\/em><br \/>\nME\u00c4NMAA<br \/>\nStationsgatan 53C<br \/>\nSe-953 31 Haparanda<br \/>\nS\u00e4hk\u00f6posti:\u00a0<a href=\"mailto:info@sirillus.se\">info@sirillus.se<\/a><br \/>\nTelefooni: +46 70 5677529 (070 5677529)<\/p>\n<p><em>Tekniikasta vastaava:<\/em> Hannu T\u00f6yryl\u00e4<\/p>\n<p><a href=\"http:\/\/liipetti.net\/aviisi\/wp-content\/uploads\/2015\/04\/69212_10151525220843729_2020934991_n.jpg\"><img loading=\"lazy\" decoding=\"async\" class=\"alignnone  wp-image-87\" src=\"http:\/\/liipetti.net\/aviisi\/wp-content\/uploads\/2015\/04\/69212_10151525220843729_2020934991_n-243x300.jpg\" alt=\"69212_10151525220843729_2020934991_n\" width=\"164\" height=\"202\" srcset=\"http:\/\/liipetti.net\/aviisi\/wp-content\/uploads\/2015\/04\/69212_10151525220843729_2020934991_n-243x300.jpg 243w, http:\/\/liipetti.net\/aviisi\/wp-content\/uploads\/2015\/04\/69212_10151525220843729_2020934991_n.jpg 727w\" sizes=\"auto, (max-width: 164px) 100vw, 164px\" \/><br \/>\n<\/a><br \/>\nS\u00e4hk\u00f6posti: htoyryla@freygish.com<\/p>\n","protected":false},"excerpt":{"rendered":"<p>Me\u00e4nmaa-nettiaviisi Julkasija: Me\u00e4nmaa-f\u00f6reeninki \u00a0 Vastaava toimittaja: Bengt Pohjanen Osote: ME\u00c4NMAA Stationsgatan 53C Se-953 31 Haparanda S\u00e4hk\u00f6posti:\u00a0info@sirillus.se Telefooni: +46 70 5677529 (070 5677529) Tekniikasta vastaava: Hannu T\u00f6yryl\u00e4 S\u00e4hk\u00f6posti: htoyryla@freygish.com<\/p>\n","protected":false},"author":3,"featured_media":0,"parent":0,"menu_order":0,"comment_status":"closed","ping_status":"open","template":"","meta":{"footnotes":""},"class_list":["post-82","page","type-page","status-publish","hentry"],"_links":{"self":[{"href":"http:\/\/liipetti.net\/aviisi\/wp-json\/wp\/v2\/pages\/82","targetHints":{"allow":["GET"]}}],"collection":[{"href":"http:\/\/liipetti.net\/aviisi\/wp-json\/wp\/v2\/pages"}],"about":[{"href":"http:\/\/liipetti.net\/aviisi\/wp-json\/wp\/v2\/types\/page"}],"author":[{"embeddable":true,"href":"http:\/\/liipetti.net\/aviisi\/wp-json\/wp\/v2\/users\/3"}],"replies":[{"embeddable":true,"href":"http:\/\/liipetti.net\/aviisi\/wp-json\/wp\/v2\/comments?post=82"}],"version-history":[{"count":5,"href":"http:\/\/liipetti.net\/aviisi\/wp-json\/wp\/v2\/pages\/82\/revisions"}],"predecessor-version":[{"id":104,"href":"http:\/\/liipetti.net\/aviisi\/wp-json\/wp\/v2\/pages\/82\/revisions\/104"}],"wp:attachment":[{"href":"http:\/\/liipetti.net\/aviisi\/wp-json\/wp\/v2\/media?parent=82"}],"curies":[{"name":"wp","href":"https:\/\/api.w.org\/{rel}","templated":true}]}}