{"id":10,"date":"2016-02-29T11:08:24","date_gmt":"2016-02-29T11:08:24","guid":{"rendered":"http:\/\/liipetti.net\/retkia\/?page_id=10"},"modified":"2021-09-02T13:27:58","modified_gmt":"2021-09-02T13:27:58","slug":"tietoja","status":"publish","type":"page","link":"https:\/\/liipetti.net\/retkia\/tietoja\/","title":{"rendered":"Tietoja"},"content":{"rendered":"\n<figure class=\"wp-block-image size-full is-resized\"><img loading=\"lazy\" decoding=\"async\" src=\"https:\/\/liipetti.net\/retkia\/wp-content\/uploads\/2021\/09\/hannu0185r.jpg\" alt=\"\" class=\"wp-image-216\" width=\"187\" height=\"187\" srcset=\"https:\/\/liipetti.net\/retkia\/wp-content\/uploads\/2021\/09\/hannu0185r.jpg 512w, https:\/\/liipetti.net\/retkia\/wp-content\/uploads\/2021\/09\/hannu0185r-300x300.jpg 300w, https:\/\/liipetti.net\/retkia\/wp-content\/uploads\/2021\/09\/hannu0185r-150x150.jpg 150w\" sizes=\"auto, (max-width: 187px) 100vw, 187px\" \/><\/figure>\n\n\n\n<p>Hannu T\u00f6yryl\u00e4, fil. tri., dipl.ins. Kuvataiteilija, tutkija.<\/p>\n\n\n\n<p>Ty\u00f6skentelin noin 30 vuotta tietoliikenteen ja informaatioteknologian kehitysteht\u00e4viss\u00e4. &nbsp;T\u00e4st\u00e4 kertoo&nbsp;<a href=\"https:\/\/fi.linkedin.com\/pub\/hannu-toyryla\/3\/855\/83\" target=\"_blank\" rel=\"noopener\">LinkedIn<\/a>-sivuni.<\/p>\n\n\n\n<p>Olen my\u00f6s tutkinut keskiajan juutalaista uskonnollista ja tieteellist\u00e4 ajattelua kristillisen ja islamilaisen maailman v\u00e4liss\u00e4. T\u00e4st\u00e4 kertoo toinen&nbsp;<a href=\"http:\/\/liipetti.net\/erratic\/wp-content\/uploads\/2015\/10\/CVjs2015.pdf\" target=\"_blank\" rel=\"noopener\">CV<\/a>.<\/p>\n\n\n\n<p>Nyt kiinnostaa <a href=\"http:\/\/liipetti.net\/visual\" target=\"_blank\" rel=\"noopener\">kuvataide<\/a>, <a href=\"http:\/\/freygish.com\/harmoska\" target=\"_blank\" rel=\"noopener\">musiikki<\/a>, historia ja teknologia.<\/p>\n\n\n\n<p>Ota yhteytt\u00e4: hannu.toyryla(at)gmail.com .<\/p>\n","protected":false},"excerpt":{"rendered":"<p>Hannu T\u00f6yryl\u00e4, fil. tri., dipl.ins. Kuvataiteilija, tutkija. Ty\u00f6skentelin noin 30 vuotta tietoliikenteen ja informaatioteknologian kehitysteht\u00e4viss\u00e4. &nbsp;T\u00e4st\u00e4 kertoo&nbsp;LinkedIn-sivuni. Olen my\u00f6s tutkinut keskiajan juutalaista uskonnollista ja tieteellist\u00e4 ajattelua kristillisen ja islamilaisen maailman v\u00e4liss\u00e4. T\u00e4st\u00e4 kertoo toinen&nbsp;CV. Nyt kiinnostaa kuvataide, musiikki, historia ja teknologia. Ota yhteytt\u00e4: hannu.toyryla(at)gmail.com .<\/p>\n<p class=\"continue-reading-button\"> <a class=\"continue-reading-link\" href=\"https:\/\/liipetti.net\/retkia\/tietoja\/\">Continue reading<i class=\"crycon-right-dir\"><\/i><\/a><\/p>\n","protected":false},"author":1,"featured_media":0,"parent":0,"menu_order":0,"comment_status":"closed","ping_status":"closed","template":"","meta":{"footnotes":""},"class_list":["post-10","page","type-page","status-publish","hentry"],"_links":{"self":[{"href":"https:\/\/liipetti.net\/retkia\/wp-json\/wp\/v2\/pages\/10","targetHints":{"allow":["GET"]}}],"collection":[{"href":"https:\/\/liipetti.net\/retkia\/wp-json\/wp\/v2\/pages"}],"about":[{"href":"https:\/\/liipetti.net\/retkia\/wp-json\/wp\/v2\/types\/page"}],"author":[{"embeddable":true,"href":"https:\/\/liipetti.net\/retkia\/wp-json\/wp\/v2\/users\/1"}],"replies":[{"embeddable":true,"href":"https:\/\/liipetti.net\/retkia\/wp-json\/wp\/v2\/comments?post=10"}],"version-history":[{"count":6,"href":"https:\/\/liipetti.net\/retkia\/wp-json\/wp\/v2\/pages\/10\/revisions"}],"predecessor-version":[{"id":217,"href":"https:\/\/liipetti.net\/retkia\/wp-json\/wp\/v2\/pages\/10\/revisions\/217"}],"wp:attachment":[{"href":"https:\/\/liipetti.net\/retkia\/wp-json\/wp\/v2\/media?parent=10"}],"curies":[{"name":"wp","href":"https:\/\/api.w.org\/{rel}","templated":true}]}}

<figure class="wp-block-image size-full is-resized"><img loading="lazy" decoding="async" src="https://liipetti.net/retkia/wp-content/uploads/2021/09/hannu0185r.jpg" alt="" class="wp-image-216" width="187" height="187" srcset="https://liipetti.net/retkia/wp-content/uploads/2021/09/hannu0185r.jpg 512w, https://liipetti.net/retkia/wp-content/uploads/2021/09/hannu0185r-300x300.jpg 300w, https://liipetti.net/retkia/wp-content/uploads/2021/09/hannu0185r-150x150.jpg 150w" sizes="auto, (max-width: 187px) 100vw, 187px" /></figure>



<p>Hannu Töyrylä, fil. tri., dipl.ins. Kuvataiteilija, tutkija.</p>



<p>Työskentelin noin 30 vuotta tietoliikenteen ja informaatioteknologian kehitystehtävissä. &nbsp;Tästä kertoo&nbsp;<a href="https://fi.linkedin.com/pub/hannu-toyryla/3/855/83" target="_blank" rel="noopener">LinkedIn</a>-sivuni.</p>



<p>Olen myös tutkinut keskiajan juutalaista uskonnollista ja tieteellistä ajattelua kristillisen ja islamilaisen maailman välissä. Tästä kertoo toinen&nbsp;<a href="http://liipetti.net/erratic/wp-content/uploads/2015/10/CVjs2015.pdf" target="_blank" rel="noopener">CV</a>.</p>



<p>Nyt kiinnostaa <a href="http://liipetti.net/visual" target="_blank" rel="noopener">kuvataide</a>, <a href="http://freygish.com/harmoska" target="_blank" rel="noopener">musiikki</a>, historia ja teknologia.</p>



<p>Ota yhteyttä: hannu.toyryla(at)gmail.com .</p>

<p>Hannu Töyrylä, fil. tri., dipl.ins. Kuvataiteilija, tutkija. Työskentelin noin 30 vuotta tietoliikenteen ja informaatioteknologian kehitystehtävissä. &nbsp;Tästä kertoo&nbsp;LinkedIn-sivuni. Olen myös tutkinut keskiajan juutalaista uskonnollista ja tieteellistä ajattelua kristillisen ja islamilaisen maailman välissä. Tästä kertoo toinen&nbsp;CV. Nyt kiinnostaa kuvataide, musiikki, historia ja teknologia. Ota yhteyttä: hannu.toyryla(at)gmail.com .</p>
<p class="continue-reading-button"> <a class="continue-reading-link" href="https://liipetti.net/retkia/tietoja/">Continue reading<i class="crycon-right-dir"></i></a></p>
