{"id":368,"date":"2022-05-05T13:19:00","date_gmt":"2022-05-05T13:19:00","guid":{"rendered":"http:\/\/liipetti.net\/retkia\/?page_id=368"},"modified":"2022-05-25T11:51:13","modified_gmt":"2022-05-25T11:51:13","slug":"lahteita","status":"publish","type":"page","link":"https:\/\/liipetti.net\/retkia\/kuvantekoon\/lahteita\/","title":{"rendered":"L\u00e4hteit\u00e4"},"content":{"rendered":"\n<p><strong>Teko\u00e4lyn kangastuksia kuvataiteeseen<\/strong><\/p>\n\n\n\n<p>s. 9<br><br>Arthur I. Miller, The Artist in the Machine, The World of AI-Powered Creativity, MIT Press, 2019<\/p>\n\n\n\n<p>s. 23<\/p>\n\n\n\n<p>Artbreeder,   <a href=\"https:\/\/www.artbreeder.com\" target=\"_blank\" rel=\"noreferrer noopener\">https:\/\/www.artbreeder.com<\/a><\/p>\n\n\n\n<p><br><strong>Tyylimuunnos<\/strong><\/p>\n\n\n\n<p>s. 29<br><br>Leon A. Gatys, Alexander S. Ecker, Matthias Bethge, A Neural Algorithm of Artistic Style <br><a href=\"https:\/\/arxiv.org\/abs\/1508.06576\" target=\"_blank\" rel=\"noreferrer noopener\">https:\/\/arxiv.org\/abs\/1508.06576<\/a><br><br>Justin Johnson, neural-style    <br><a href=\"https:\/\/github.com\/jcjohnson\/neural-style\" target=\"_blank\" rel=\"noreferrer noopener\">https:\/\/github.com\/jcjohnson\/neural-style<\/a><\/p>\n\n\n\n<p>T\u00e4m\u00e4 oli ensimm\u00e4inen tyylimuunnoksen ohjelmistototeutus ja se sai valtavasti huomiota. Perehdyin itse siihen l\u00e4pikotaisin ja tein siihen paljon muutoksia ja erilaisia kokeiluja. T\u00e4n\u00e4 p\u00e4iv\u00e4n\u00e4 on parempi k\u00e4ytt\u00e4\u00e4 uudempia toteutuksia joita l\u00f6ytyy vaikka kuinka.<br><\/p>\n\n\n\n<p>s. 30<\/p>\n\n\n\n<p><br>VGG19, Very Deep Convolutional Networks for Large-Scale Image Recognition<br><a href=\"https:\/\/arxiv.org\/abs\/1409.1556\" target=\"_blank\" rel=\"noreferrer noopener\">https:\/\/arxiv.org\/abs\/1409.1556<br><\/a><\/p>\n\n\n\n<p>s. 35<br><br>Justin Johnson, fast-neural-style<br><a rel=\"noreferrer noopener\" href=\"https:\/\/github.com\/jcjohnson\/fast-neural-style\" target=\"_blank\">https:\/\/github.com\/jcjohnson\/fast-neural-style<\/a><\/p>\n\n\n\n<p>s. 36<br><br>Nopeaan tyylimuunnokseen perustuvista appeista tunnetuin lienee ollut Prisma.<br><a href=\"https:\/\/en.wikipedia.org\/wiki\/Prisma_(app)\" target=\"_blank\" rel=\"noreferrer noopener\">https:\/\/en.wikipedia.org\/wiki\/Prisma_(app)<br><\/a><br><br>s. 37<br>places365 <br>Convolutional neural networks (CNNs) trained on the Places2 Database can be used for scene recognition as well as generic deep scene features for visual recognition.<br><br><a href=\"http:\/\/places2.csail.mit.edu\/download.html\" target=\"_blank\" rel=\"noreferrer noopener\">http:\/\/places2.csail.mit.edu\/download.html<\/a><\/p>\n\n\n\n<p>p. 41<br>pix2pix, <br>Image-to-Image Translation with Conditional Adversarial Nets<br><a href=\"https:\/\/phillipi.github.io\/pix2pix\/\" target=\"_blank\" rel=\"noreferrer noopener\">https:\/\/phillipi.github.io\/pix2pix\/<\/a><\/p>\n\n\n\n<p>s. 52<br>cycleGAN<br>Unpaired Image-to-Image Translation using Cycle-Consistent Adversarial Networks<br><a href=\"https:\/\/junyanz.github.io\/CycleGAN\/\" target=\"_blank\" rel=\"noreferrer noopener\">https:\/\/junyanz.github.io\/CycleGAN\/<br><\/a><br>s. 69<\/p>\n\n\n\n<p>GAN-periaate esiteltiin ensimm\u00e4iseksi t\u00e4ss\u00e4 paperissa 2014. <br><br>Ian Goodfellow et al, Generative Adversarial Nets<br><br><a rel=\"noreferrer noopener\" href=\"https:\/\/arxiv.org\/pdf\/1406.2661.pdf\" target=\"_blank\">https:\/\/arxiv.org\/pdf\/1406.2661.pdf<\/a><\/p>\n\n\n\n<p>T\u00e4n\u00e4 p\u00e4iv\u00e4n\u00e4 netist\u00e4 l\u00f6ytyy valtavasti yleistajuisia artikkeleita, jotka katsovat asiaa eri n\u00e4k\u00f6kulmista yksinkertaistaen.<\/p>\n\n\n\n<p><\/p>\n\n\n\n<p>s. 75<\/p>\n\n\n\n<p>BigGAN<br><br>Brock, Donahue, Simonyan: Large scale GAN training for high fidelity natural image synthesis<br><a href=\"https:\/\/arxiv.org\/pdf\/1809.11096.pdf\" target=\"_blank\" rel=\"noreferrer noopener\">https:\/\/arxiv.org\/pdf\/1809.11096.pdf<\/a><\/p>\n\n\n\n<p><br>Artbreeder,   <a rel=\"noreferrer noopener\" href=\"https:\/\/www.artbreeder.com\" target=\"_blank\">https:\/\/www.artbreeder.com<\/a><br><br><\/p>\n\n\n\n<p>s. 81<\/p>\n\n\n\n<p>VQGAN<\/p>\n\n\n\n<p><a href=\"https:\/\/compvis.github.io\/taming-transformers\/\">https:\/\/compvis.github.io\/taming-transformers\/<\/a><\/p>\n\n\n\n<p><\/p>\n\n\n\n<p>s. 87<br><\/p>\n\n\n\n<p>CLIP<br><br><a rel=\"noreferrer noopener\" href=\"https:\/\/openai.com\/blog\/clip\/\" target=\"_blank\">https:\/\/openai.com\/blog\/clip\/<\/a><br><br>CLIP + BigGAN (colab) &#8221;The Big Sleep&#8221;<\/p>\n\n\n\n<p><a rel=\"noreferrer noopener\" href=\"https:\/\/colab.research.google.com\/drive\/1NCceX2mbiKOSlAd_o7IU7nA9UskKN5WR?usp=sharing\" target=\"_blank\">https:\/\/colab.research.google.com\/drive\/1NCceX2mbiKOSlAd_o7IU7nA9UskKN5WR?usp=sharing<\/a><br><br>CLIP + FFT (colab) &#8221;Aphantasia&#8221;<br><a href=\"\nhttps:\/\/colab.research.google.com\/github\/eps696\/aphantasia\/blob\/master\/Aphantasia.ipynb\"><br>https:\/\/colab.research.google.com\/github\/eps696\/aphantasia\/blob\/master\/Aphantasia.ipynb<\/a><br><br>CLIP + SIREN (colab)<br><br><a rel=\"noreferrer noopener\" href=\"https:\/\/colab.research.google.com\/drive\/1FoHdqoqKntliaQKnMoNs3yn5EALqWtvP?usp=sharing\" target=\"_blank\">https:\/\/colab.research.google.com\/drive\/1FoHdqoqKntliaQKnMoNs3yn5EALqWtvP?usp=sharing<br><\/a><a rel=\"noreferrer noopener\" href=\"https:\/\/colab.research.google.com\/drive\/1NCceX2mbiKOSlAd_o7IU7nA9UskKN5WR?usp=sharing\" target=\"_blank\"><br><\/a>CLIP + VQGAN (colab)<br><br><a rel=\"noreferrer noopener\" href=\"https:\/\/colab.research.google.com\/drive\/15UwYDsnNeldJFHJ9NdgYBYeo6xPmSelP\" target=\"_blank\">https:\/\/colab.research.google.com\/drive\/15UwYDsnNeldJFHJ9NdgYBYeo6xPmSelP<\/a><br><br><br><br>s. 99<br><br>Diffuusio<br><br>Dharival, Nichol: Diffusion models beat GANs on image synthesis<br><br><a rel=\"noreferrer noopener\" href=\"https:\/\/arxiv.org\/pdf\/2105.05233.pdf\" target=\"_blank\">https:\/\/arxiv.org\/pdf\/2105.05233.pdf<\/a><br><br>Colab   <a rel=\"noreferrer noopener\" href=\"https:\/\/colab.research.google.com\/drive\/12a_Wrfi2_gwwAuN3VvMTwVMz9TfqctNj\" target=\"_blank\">https:\/\/colab.research.google.com\/drive\/12a_Wrfi2_gwwAuN3VvMTwVMz9TfqctNj<\/a><br><br><br>s. 106<br><br>SIREN    <a rel=\"noreferrer noopener\" href=\"https:\/\/www.vincentsitzmann.com\/siren\/\" target=\"_blank\">https:\/\/www.vincentsitzmann.com\/siren\/<\/a><br><br>Katso my\u00f6s <a href=\"https:\/\/liipetti.net\/retkia\/neurokuvatreenit-harj-4\/\" data-type=\"post\" data-id=\"300\" target=\"_blank\" rel=\"noreferrer noopener\">Neurokuvatreenit, harj 4<\/a><\/p>\n","protected":false},"excerpt":{"rendered":"<p>Teko\u00e4lyn kangastuksia kuvataiteeseen s. 9 Arthur I. Miller, The Artist in the Machine, The World of AI-Powered Creativity, MIT Press, 2019 s. 23 Artbreeder, https:\/\/www.artbreeder.com Tyylimuunnos s. 29 Leon A. Gatys, Alexander S. Ecker, Matthias Bethge, A Neural Algorithm of Artistic Style https:\/\/arxiv.org\/abs\/1508.06576 Justin Johnson, neural-style https:\/\/github.com\/jcjohnson\/neural-style T\u00e4m\u00e4 oli ensimm\u00e4inen\u2026<\/p>\n<p class=\"continue-reading-button\"> <a class=\"continue-reading-link\" href=\"https:\/\/liipetti.net\/retkia\/kuvantekoon\/lahteita\/\">Continue reading<i class=\"crycon-right-dir\"><\/i><\/a><\/p>\n","protected":false},"author":1,"featured_media":0,"parent":362,"menu_order":0,"comment_status":"closed","ping_status":"closed","template":"","meta":{"footnotes":""},"class_list":["post-368","page","type-page","status-publish","hentry"],"_links":{"self":[{"href":"https:\/\/liipetti.net\/retkia\/wp-json\/wp\/v2\/pages\/368","targetHints":{"allow":["GET"]}}],"collection":[{"href":"https:\/\/liipetti.net\/retkia\/wp-json\/wp\/v2\/pages"}],"about":[{"href":"https:\/\/liipetti.net\/retkia\/wp-json\/wp\/v2\/types\/page"}],"author":[{"embeddable":true,"href":"https:\/\/liipetti.net\/retkia\/wp-json\/wp\/v2\/users\/1"}],"replies":[{"embeddable":true,"href":"https:\/\/liipetti.net\/retkia\/wp-json\/wp\/v2\/comments?post=368"}],"version-history":[{"count":12,"href":"https:\/\/liipetti.net\/retkia\/wp-json\/wp\/v2\/pages\/368\/revisions"}],"predecessor-version":[{"id":387,"href":"https:\/\/liipetti.net\/retkia\/wp-json\/wp\/v2\/pages\/368\/revisions\/387"}],"up":[{"embeddable":true,"href":"https:\/\/liipetti.net\/retkia\/wp-json\/wp\/v2\/pages\/362"}],"wp:attachment":[{"href":"https:\/\/liipetti.net\/retkia\/wp-json\/wp\/v2\/media?parent=368"}],"curies":[{"name":"wp","href":"https:\/\/api.w.org\/{rel}","templated":true}]}}