{"id":1561,"date":"2025-11-30T11:23:37","date_gmt":"2025-11-30T09:23:37","guid":{"rendered":"https:\/\/liipetti.net\/saaramesterton\/?page_id=1561"},"modified":"2026-03-19T16:28:18","modified_gmt":"2026-03-19T14:28:18","slug":"sovinto-2025","status":"publish","type":"page","link":"https:\/\/liipetti.net\/saaramesterton\/?page_id=1561","title":{"rendered":"Sovinto 2025-2026"},"content":{"rendered":"\n<p><a href=\"http:\/\/liipetti.net\/saaramesterton\/?page_id=816\">Takaisin galleriaan<\/a><\/p>\n\n\n\n<p>Teoksella <strong>Sovinto (kun tuuli liikuttaa hiuksia, mutta sit\u00e4 ei huomaa)<\/strong> olen kuvannut kuinka sovinnon mahdollisuus l\u00e4hestyy ihmist\u00e4 varkain, kuin tuuli, joka liikuttaa hiuksia, mutta sit\u00e4 ei huomaa. Sovinnon vapauttava energia houkuttelee salaisesti, mutta tietoisuudessa se n\u00e4ytt\u00e4ytyy mahdottomana asiana. Olen pohtinut, voisiko maalauksessa tehd\u00e4 n\u00e4kyv\u00e4ksi jotakin tiedostamatonta, heikkoja mielen v\u00e4r\u00e4hdyksi\u00e4 ja tunteita, joille ei ole viel\u00e4 sanoja?<\/p>\n\n\n\n<p>Teoksen molempien p\u00e4iden kuvaosiot on tehty Hannu T\u00f6yryl\u00e4n kehitt\u00e4mill\u00e4 ty\u00f6kaluilla ja ne ovat variaatioita minun aikaisemmasta maalauksestani Sovinnonele.<\/p>\n\n\n\n<figure class=\"wp-block-image\"><img loading=\"lazy\" decoding=\"async\" width=\"1024\" height=\"555\" src=\"https:\/\/liipetti.net\/saaramesterton\/wp-content\/uploads\/2025\/11\/sovinnonele-feikki-koko3b_Pieni-1024x555.jpg\" alt=\"\" class=\"wp-image-1531\" srcset=\"https:\/\/liipetti.net\/saaramesterton\/wp-content\/uploads\/2025\/11\/sovinnonele-feikki-koko3b_Pieni-1024x555.jpg 1024w, https:\/\/liipetti.net\/saaramesterton\/wp-content\/uploads\/2025\/11\/sovinnonele-feikki-koko3b_Pieni-300x163.jpg 300w, https:\/\/liipetti.net\/saaramesterton\/wp-content\/uploads\/2025\/11\/sovinnonele-feikki-koko3b_Pieni-768x417.jpg 768w, https:\/\/liipetti.net\/saaramesterton\/wp-content\/uploads\/2025\/11\/sovinnonele-feikki-koko3b_Pieni-624x338.jpg 624w\" sizes=\"auto, (max-width: 1024px) 100vw, 1024px\" \/><figcaption class=\"wp-element-caption\">Sovinto 2025, 100 x 383 cm, \u00f6ljyv\u00e4ri ja pigmenttivedos kankaalle<br><\/figcaption><\/figure>\n\n\n\n<figure class=\"wp-block-image\"><img loading=\"lazy\" decoding=\"async\" width=\"1024\" height=\"707\" src=\"https:\/\/liipetti.net\/saaramesterton\/wp-content\/uploads\/2025\/11\/Sovinto_Napa-1024x707.png\" alt=\"\" class=\"wp-image-1533\" srcset=\"https:\/\/liipetti.net\/saaramesterton\/wp-content\/uploads\/2025\/11\/Sovinto_Napa-1024x707.png 1024w, https:\/\/liipetti.net\/saaramesterton\/wp-content\/uploads\/2025\/11\/Sovinto_Napa-300x207.png 300w, https:\/\/liipetti.net\/saaramesterton\/wp-content\/uploads\/2025\/11\/Sovinto_Napa-768x530.png 768w, https:\/\/liipetti.net\/saaramesterton\/wp-content\/uploads\/2025\/11\/Sovinto_Napa-624x431.png 624w\" sizes=\"auto, (max-width: 1024px) 100vw, 1024px\" \/><figcaption class=\"wp-element-caption\">Galleria Napa Rovaniemi 2025<\/figcaption><\/figure>\n\n\n\n<figure class=\"wp-block-image size-large\"><a href=\"https:\/\/liipetti.net\/saaramesterton\/wp-content\/uploads\/2026\/03\/Toinen-ssovinto-scaled.png\"><img loading=\"lazy\" decoding=\"async\" width=\"1024\" height=\"473\" src=\"https:\/\/liipetti.net\/saaramesterton\/wp-content\/uploads\/2026\/03\/Toinen-ssovinto-1024x473.png\" alt=\"\" class=\"wp-image-1577\" srcset=\"https:\/\/liipetti.net\/saaramesterton\/wp-content\/uploads\/2026\/03\/Toinen-ssovinto-1024x473.png 1024w, https:\/\/liipetti.net\/saaramesterton\/wp-content\/uploads\/2026\/03\/Toinen-ssovinto-300x139.png 300w, https:\/\/liipetti.net\/saaramesterton\/wp-content\/uploads\/2026\/03\/Toinen-ssovinto-768x355.png 768w, https:\/\/liipetti.net\/saaramesterton\/wp-content\/uploads\/2026\/03\/Toinen-ssovinto-1536x710.png 1536w, https:\/\/liipetti.net\/saaramesterton\/wp-content\/uploads\/2026\/03\/Toinen-ssovinto-2048x946.png 2048w, https:\/\/liipetti.net\/saaramesterton\/wp-content\/uploads\/2026\/03\/Toinen-ssovinto-624x288.png 624w\" sizes=\"auto, (max-width: 1024px) 100vw, 1024px\" \/><\/a><\/figure>\n\n\n\n<p><em>Toinen sovinto 2026,<\/em><br><em>\u00f6ljyv\u00e4ri ja pigmenttivedos vanerille  42,8 cm \u00d7 167,8 cm<\/em><\/p>\n\n\n\n<figure class=\"wp-block-embed is-type-video is-provider-vimeo wp-block-embed-vimeo wp-embed-aspect-1-1 wp-has-aspect-ratio\"><div class=\"wp-block-embed__wrapper\">\n<iframe loading=\"lazy\" title=\"Toinen sovinto, The another Reconciliation\" src=\"https:\/\/player.vimeo.com\/video\/1166756404?dnt=1&amp;app_id=122963\" width=\"625\" height=\"625\" frameborder=\"0\" allow=\"autoplay; fullscreen; picture-in-picture; clipboard-write; encrypted-media; web-share\" referrerpolicy=\"strict-origin-when-cross-origin\"><\/iframe>\n<\/div><\/figure>\n\n\n\n<p><a href=\"http:\/\/liipetti.net\/saaramesterton\/?page_id=816\">Takaisin galleriaan<\/a><\/p>\n","protected":false},"excerpt":{"rendered":"<p>Takaisin galleriaan Teoksella Sovinto (kun tuuli liikuttaa hiuksia, mutta sit\u00e4 ei huomaa) olen kuvannut kuinka sovinnon mahdollisuus l\u00e4hestyy ihmist\u00e4 varkain, kuin tuuli, joka liikuttaa hiuksia, mutta sit\u00e4 ei huomaa. Sovinnon vapauttava energia houkuttelee salaisesti, mutta tietoisuudessa se n\u00e4ytt\u00e4ytyy mahdottomana asiana. Olen pohtinut, voisiko maalauksessa tehd\u00e4 n\u00e4kyv\u00e4ksi jotakin tiedostamatonta, heikkoja mielen v\u00e4r\u00e4hdyksi\u00e4 ja tunteita, joille ei [&hellip;]<\/p>\n","protected":false},"author":1,"featured_media":0,"parent":0,"menu_order":0,"comment_status":"closed","ping_status":"closed","template":"","meta":{"footnotes":""},"class_list":["post-1561","page","type-page","status-publish","hentry"],"_links":{"self":[{"href":"https:\/\/liipetti.net\/saaramesterton\/index.php?rest_route=\/wp\/v2\/pages\/1561","targetHints":{"allow":["GET"]}}],"collection":[{"href":"https:\/\/liipetti.net\/saaramesterton\/index.php?rest_route=\/wp\/v2\/pages"}],"about":[{"href":"https:\/\/liipetti.net\/saaramesterton\/index.php?rest_route=\/wp\/v2\/types\/page"}],"author":[{"embeddable":true,"href":"https:\/\/liipetti.net\/saaramesterton\/index.php?rest_route=\/wp\/v2\/users\/1"}],"replies":[{"embeddable":true,"href":"https:\/\/liipetti.net\/saaramesterton\/index.php?rest_route=%2Fwp%2Fv2%2Fcomments&post=1561"}],"version-history":[{"count":10,"href":"https:\/\/liipetti.net\/saaramesterton\/index.php?rest_route=\/wp\/v2\/pages\/1561\/revisions"}],"predecessor-version":[{"id":1603,"href":"https:\/\/liipetti.net\/saaramesterton\/index.php?rest_route=\/wp\/v2\/pages\/1561\/revisions\/1603"}],"wp:attachment":[{"href":"https:\/\/liipetti.net\/saaramesterton\/index.php?rest_route=%2Fwp%2Fv2%2Fmedia&parent=1561"}],"curies":[{"name":"wp","href":"https:\/\/api.w.org\/{rel}","templated":true}]}}