{"id":86,"date":"2014-06-22T12:36:06","date_gmt":"2014-06-22T09:36:06","guid":{"rendered":"http:\/\/freygish.com\/saara\/wordpress\/?page_id=86"},"modified":"2025-08-27T08:37:13","modified_gmt":"2025-08-27T05:37:13","slug":"videot","status":"publish","type":"page","link":"https:\/\/liipetti.net\/saaramesterton\/?page_id=86","title":{"rendered":"Videot"},"content":{"rendered":"\n<p><strong>Vuodesta 2013 l\u00e4htien olen tehnyt performanssivideoita. Performanssiin liittyy aina maalaus, animaationa tai muuten osana videota. Usein siin\u00e4 on my\u00f6s itse laulamani laulu.<\/strong><\/p>\n\n\n\n<hr class=\"wp-block-separator\"\/>\n\n\n\n<p style=\"text-align:left\"><strong>DURME \/ NUKU \/ SLEEP<\/strong><\/p>\n\n\n\n<p><strong>Durme (Nuku, Sleep) <\/strong>kertoo rakkaudesta ja huolenpidosta vainon keskell\u00e4.  Teoksen aikakaari ulottuu keskiajalta nykyhetkeen asti.  Videolla laulan ladinonkielisen laulun j\u00e4\u00e4kauden muovaamassa luolassa, joka on ollut ihmisten turvapaikka tuhansien vuosien ajan.  Performanssiin sis\u00e4ltyy my\u00f6s maalaus, joka syntyy animaationa katsojan silmien edess\u00e4.  Vuonna 1492 Espanja karkoitti sek\u00e4 juutalaiset ett\u00e4 muslimit v\u00e4\u00e4r\u00e4uskoisina. Espanjasta paenneet juutalaiset ovat s\u00e4ilytt\u00e4neet keskiaikaisen espanjan, ladinon puhuttuna kielen\u00e4 yli 500 vuotta n\u00e4ihin p\u00e4iviin saakka. <\/p>\n\n\n\n<div class=\"wp-block-image\"><figure class=\"aligncenter is-resized\"><a href=\"http:\/\/liipetti.net\/saaramesterton\/wp-content\/uploads\/2017\/09\/durme.jpg\"><img loading=\"lazy\" decoding=\"async\" src=\"http:\/\/liipetti.net\/saaramesterton\/wp-content\/uploads\/2017\/09\/durme.jpg\" alt=\"\" class=\"wp-image-515\" width=\"500\" height=\"282\" srcset=\"https:\/\/liipetti.net\/saaramesterton\/wp-content\/uploads\/2017\/09\/durme.jpg 1000w, https:\/\/liipetti.net\/saaramesterton\/wp-content\/uploads\/2017\/09\/durme-300x169.jpg 300w, https:\/\/liipetti.net\/saaramesterton\/wp-content\/uploads\/2017\/09\/durme-768x432.jpg 768w, https:\/\/liipetti.net\/saaramesterton\/wp-content\/uploads\/2017\/09\/durme-624x351.jpg 624w\" sizes=\"auto, (max-width: 500px) 100vw, 500px\" \/><\/a><\/figure><\/div>\n\n\n\n<div class=\"wp-block-image\"><figure class=\"aligncenter is-resized\"><img loading=\"lazy\" decoding=\"async\" src=\"http:\/\/liipetti.net\/saaramesterton\/wp-content\/uploads\/2020\/05\/Durme_still_15.png\" alt=\"\" class=\"wp-image-787\" width=\"500\" height=\"282\" srcset=\"https:\/\/liipetti.net\/saaramesterton\/wp-content\/uploads\/2020\/05\/Durme_still_15.png 1000w, https:\/\/liipetti.net\/saaramesterton\/wp-content\/uploads\/2020\/05\/Durme_still_15-300x169.png 300w, https:\/\/liipetti.net\/saaramesterton\/wp-content\/uploads\/2020\/05\/Durme_still_15-768x432.png 768w, https:\/\/liipetti.net\/saaramesterton\/wp-content\/uploads\/2020\/05\/Durme_still_15-624x351.png 624w\" sizes=\"auto, (max-width: 500px) 100vw, 500px\" \/><\/figure><\/div>\n\n\n\n<div class=\"wp-block-image\"><figure class=\"aligncenter is-resized\"><a href=\"http:\/\/liipetti.net\/saaramesterton\/wp-content\/uploads\/2018\/09\/durmetalvi_1netti.jpg\"><img loading=\"lazy\" decoding=\"async\" src=\"http:\/\/liipetti.net\/saaramesterton\/wp-content\/uploads\/2018\/09\/durmetalvi_1netti.jpg\" alt=\"\" class=\"wp-image-559\" width=\"500\" height=\"282\" srcset=\"https:\/\/liipetti.net\/saaramesterton\/wp-content\/uploads\/2018\/09\/durmetalvi_1netti.jpg 1000w, https:\/\/liipetti.net\/saaramesterton\/wp-content\/uploads\/2018\/09\/durmetalvi_1netti-300x169.jpg 300w, https:\/\/liipetti.net\/saaramesterton\/wp-content\/uploads\/2018\/09\/durmetalvi_1netti-768x432.jpg 768w, https:\/\/liipetti.net\/saaramesterton\/wp-content\/uploads\/2018\/09\/durmetalvi_1netti-624x351.jpg 624w\" sizes=\"auto, (max-width: 500px) 100vw, 500px\" \/><\/a><\/figure><\/div>\n\n\n\n<div class=\"wp-block-image\"><figure class=\"aligncenter is-resized\"><img loading=\"lazy\" decoding=\"async\" src=\"http:\/\/liipetti.net\/saaramesterton\/wp-content\/uploads\/2020\/06\/durme-yhdist-jpeg-1024x314.jpg\" alt=\"\" class=\"wp-image-940\" width=\"597\" height=\"183\" srcset=\"https:\/\/liipetti.net\/saaramesterton\/wp-content\/uploads\/2020\/06\/durme-yhdist-jpeg-1024x314.jpg 1024w, https:\/\/liipetti.net\/saaramesterton\/wp-content\/uploads\/2020\/06\/durme-yhdist-jpeg-300x92.jpg 300w, https:\/\/liipetti.net\/saaramesterton\/wp-content\/uploads\/2020\/06\/durme-yhdist-jpeg-768x235.jpg 768w, https:\/\/liipetti.net\/saaramesterton\/wp-content\/uploads\/2020\/06\/durme-yhdist-jpeg-624x191.jpg 624w, https:\/\/liipetti.net\/saaramesterton\/wp-content\/uploads\/2020\/06\/durme-yhdist-jpeg.jpg 1957w\" sizes=\"auto, (max-width: 597px) 100vw, 597px\" \/><figcaption>Durme, durme \u00f6ljyv\u00e4rimaalaus 100 cm x 366 cm<\/figcaption><\/figure><\/div>\n\n\n\n<hr class=\"wp-block-separator\"\/>\n\n\n\n<p class=\"p3\"><span class=\"s1\"><strong>EN M\u00c5LARINNAS SJ\u00c4LPORTR\u00c4TT \/ TAIDEMAALARIN OMAKUVA<\/strong><\/span><\/p>\n\n\n\n<p><span class=\"s1\"><strong>En m\u00e5larinnas sj\u00e4lvportr\u00e4tt, Taidemaalarin omakuva <\/strong> videolla kertoja ik\u00e4\u00e4nkuin keskustelee Helene Schjerfbeckin kanssa. Kerronnan aineksina ovat kuvataiteen syntymyyttiin viittaavan varjokuvan piirt\u00e4minen, kertojan oma maalausanimaatio, Schjerfbeckin omakuvan p\u00e4\u00e4lle maalaaminen, sek\u00e4 me\u00e4nkielinen Kryyvimaa-laulu. Vanhaan suomeen perustuva me\u00e4nkieli Ruotsin Torniolaaksossa on h\u00e4vi\u00e4v\u00e4 kieli, vaikka se on saanut virallisen v\u00e4hemmist\u00f6kielen aseman.<\/span><\/p>\n\n\n\n<p class=\"p1\"><span class=\"s1\">Videolla n\u00e4kyv\u00e4st\u00e4<span class=\"Apple-converted-space\">&nbsp; <\/span>Omakuva paletteineen I maalauksesta Schjerfbeck on sanonut, ett\u00e4 punaista on paletissa v\u00e4h\u00e4n, koska el\u00e4m\u00e4ss\u00e4 on ollut niin v\u00e4h\u00e4n rakkautta.<\/span><\/p>\n\n\n\n<div class=\"wp-block-image\"><figure class=\"aligncenter is-resized\"><img loading=\"lazy\" decoding=\"async\" src=\"http:\/\/liipetti.net\/saaramesterton\/wp-content\/uploads\/2017\/10\/Helene-koe201017E_PNG.png\" alt=\"\" class=\"wp-image-539\" width=\"500\" height=\"282\" srcset=\"https:\/\/liipetti.net\/saaramesterton\/wp-content\/uploads\/2017\/10\/Helene-koe201017E_PNG.png 1000w, https:\/\/liipetti.net\/saaramesterton\/wp-content\/uploads\/2017\/10\/Helene-koe201017E_PNG-300x169.png 300w, https:\/\/liipetti.net\/saaramesterton\/wp-content\/uploads\/2017\/10\/Helene-koe201017E_PNG-768x432.png 768w, https:\/\/liipetti.net\/saaramesterton\/wp-content\/uploads\/2017\/10\/Helene-koe201017E_PNG-624x351.png 624w\" sizes=\"auto, (max-width: 500px) 100vw, 500px\" \/><\/figure><\/div>\n\n\n\n<div class=\"wp-block-image\"><figure class=\"aligncenter is-resized\"><img loading=\"lazy\" decoding=\"async\" src=\"http:\/\/liipetti.net\/saaramesterton\/wp-content\/uploads\/2017\/09\/Omak_1.jpg\" alt=\"\" class=\"wp-image-518\" width=\"500\" height=\"282\" srcset=\"https:\/\/liipetti.net\/saaramesterton\/wp-content\/uploads\/2017\/09\/Omak_1.jpg 1000w, https:\/\/liipetti.net\/saaramesterton\/wp-content\/uploads\/2017\/09\/Omak_1-300x169.jpg 300w, https:\/\/liipetti.net\/saaramesterton\/wp-content\/uploads\/2017\/09\/Omak_1-768x432.jpg 768w, https:\/\/liipetti.net\/saaramesterton\/wp-content\/uploads\/2017\/09\/Omak_1-624x351.jpg 624w\" sizes=\"auto, (max-width: 500px) 100vw, 500px\" \/><\/figure><\/div>\n\n\n\n<div class=\"wp-block-image\"><figure class=\"aligncenter is-resized\"><img loading=\"lazy\" decoding=\"async\" src=\"http:\/\/liipetti.net\/saaramesterton\/wp-content\/uploads\/2017\/09\/omak_2.jpg\" alt=\"\" class=\"wp-image-517\" width=\"500\" height=\"282\" srcset=\"https:\/\/liipetti.net\/saaramesterton\/wp-content\/uploads\/2017\/09\/omak_2.jpg 1000w, https:\/\/liipetti.net\/saaramesterton\/wp-content\/uploads\/2017\/09\/omak_2-300x169.jpg 300w, https:\/\/liipetti.net\/saaramesterton\/wp-content\/uploads\/2017\/09\/omak_2-768x432.jpg 768w, https:\/\/liipetti.net\/saaramesterton\/wp-content\/uploads\/2017\/09\/omak_2-624x351.jpg 624w\" sizes=\"auto, (max-width: 500px) 100vw, 500px\" \/><\/figure><\/div>\n\n\n\n<div class=\"wp-block-image\"><figure class=\"aligncenter is-resized\"><img loading=\"lazy\" decoding=\"async\" src=\"http:\/\/liipetti.net\/saaramesterton\/wp-content\/uploads\/2017\/09\/omak_3.jpg\" alt=\"\" class=\"wp-image-519\" width=\"500\" height=\"282\" srcset=\"https:\/\/liipetti.net\/saaramesterton\/wp-content\/uploads\/2017\/09\/omak_3.jpg 1000w, https:\/\/liipetti.net\/saaramesterton\/wp-content\/uploads\/2017\/09\/omak_3-300x169.jpg 300w, https:\/\/liipetti.net\/saaramesterton\/wp-content\/uploads\/2017\/09\/omak_3-768x432.jpg 768w, https:\/\/liipetti.net\/saaramesterton\/wp-content\/uploads\/2017\/09\/omak_3-624x351.jpg 624w\" sizes=\"auto, (max-width: 500px) 100vw, 500px\" \/><\/figure><\/div>\n\n\n\n<div class=\"wp-block-image\"><figure class=\"aligncenter is-resized\"><img loading=\"lazy\" decoding=\"async\" src=\"http:\/\/liipetti.net\/saaramesterton\/wp-content\/uploads\/2017\/09\/omak_4.jpg\" alt=\"\" class=\"wp-image-520\" width=\"500\" height=\"282\" srcset=\"https:\/\/liipetti.net\/saaramesterton\/wp-content\/uploads\/2017\/09\/omak_4.jpg 1000w, https:\/\/liipetti.net\/saaramesterton\/wp-content\/uploads\/2017\/09\/omak_4-300x169.jpg 300w, https:\/\/liipetti.net\/saaramesterton\/wp-content\/uploads\/2017\/09\/omak_4-768x432.jpg 768w, https:\/\/liipetti.net\/saaramesterton\/wp-content\/uploads\/2017\/09\/omak_4-624x351.jpg 624w\" sizes=\"auto, (max-width: 500px) 100vw, 500px\" \/><\/figure><\/div>\n\n\n\n<div class=\"wp-block-image\"><figure class=\"aligncenter is-resized\"><img loading=\"lazy\" decoding=\"async\" src=\"http:\/\/liipetti.net\/saaramesterton\/wp-content\/uploads\/2020\/06\/Taidem_omakuva_jpeg.jpg\" alt=\"\" class=\"wp-image-939\" width=\"400\" height=\"401\" srcset=\"https:\/\/liipetti.net\/saaramesterton\/wp-content\/uploads\/2020\/06\/Taidem_omakuva_jpeg.jpg 800w, https:\/\/liipetti.net\/saaramesterton\/wp-content\/uploads\/2020\/06\/Taidem_omakuva_jpeg-150x150.jpg 150w, https:\/\/liipetti.net\/saaramesterton\/wp-content\/uploads\/2020\/06\/Taidem_omakuva_jpeg-300x300.jpg 300w, https:\/\/liipetti.net\/saaramesterton\/wp-content\/uploads\/2020\/06\/Taidem_omakuva_jpeg-768x770.jpg 768w, https:\/\/liipetti.net\/saaramesterton\/wp-content\/uploads\/2020\/06\/Taidem_omakuva_jpeg-624x626.jpg 624w\" sizes=\"auto, (max-width: 400px) 100vw, 400px\" \/><figcaption>Taidemaalarin omakuva \u00f6ljyv\u00e4rimaalaus 100 cm x 100 cm<\/figcaption><\/figure><\/div>\n\n\n\n<hr class=\"wp-block-separator\"\/>\n\n\n\n<p><strong>HIRVI \/ ELK\ufeff<\/strong><\/p>\n\n\n\n<p><strong>Hirvi <\/strong>-performanssivideossa puhdistan mets\u00e4ss\u00e4 keitetyn hirvenp\u00e4\u00e4n ja vien sen sitten ty\u00f6huoneelleni malliksi. K\u00e4yt\u00e4n hirvenkalloa mallina maalausanimaatiossa. Performanssissa rakennan suhdetta hirveen, joka oli t\u00e4rkein kuva-aihe kivikauden kalliomaalauksissa kaikkialla Pohjolassa. <\/p>\n\n\n\n<figure class=\"wp-block-image\"><img loading=\"lazy\" decoding=\"async\" width=\"1000\" height=\"563\" src=\"http:\/\/liipetti.net\/saaramesterton\/wp-content\/uploads\/2020\/05\/Valittu8_2-kallo._2_jpeg_pieni.jpg\" alt=\"\" class=\"wp-image-792\" srcset=\"https:\/\/liipetti.net\/saaramesterton\/wp-content\/uploads\/2020\/05\/Valittu8_2-kallo._2_jpeg_pieni.jpg 1000w, https:\/\/liipetti.net\/saaramesterton\/wp-content\/uploads\/2020\/05\/Valittu8_2-kallo._2_jpeg_pieni-300x169.jpg 300w, https:\/\/liipetti.net\/saaramesterton\/wp-content\/uploads\/2020\/05\/Valittu8_2-kallo._2_jpeg_pieni-768x432.jpg 768w, https:\/\/liipetti.net\/saaramesterton\/wp-content\/uploads\/2020\/05\/Valittu8_2-kallo._2_jpeg_pieni-624x351.jpg 624w\" sizes=\"auto, (max-width: 1000px) 100vw, 1000px\" \/><\/figure>\n\n\n\n<figure class=\"wp-block-image\"><img loading=\"lazy\" decoding=\"async\" width=\"1000\" height=\"563\" src=\"http:\/\/liipetti.net\/saaramesterton\/wp-content\/uploads\/2020\/05\/Valittu8_8-kallo_4_pieni.jpg\" alt=\"\" class=\"wp-image-791\" srcset=\"https:\/\/liipetti.net\/saaramesterton\/wp-content\/uploads\/2020\/05\/Valittu8_8-kallo_4_pieni.jpg 1000w, https:\/\/liipetti.net\/saaramesterton\/wp-content\/uploads\/2020\/05\/Valittu8_8-kallo_4_pieni-300x169.jpg 300w, https:\/\/liipetti.net\/saaramesterton\/wp-content\/uploads\/2020\/05\/Valittu8_8-kallo_4_pieni-768x432.jpg 768w, https:\/\/liipetti.net\/saaramesterton\/wp-content\/uploads\/2020\/05\/Valittu8_8-kallo_4_pieni-624x351.jpg 624w\" sizes=\"auto, (max-width: 1000px) 100vw, 1000px\" \/><\/figure>\n\n\n\n<figure class=\"wp-block-image\"><img loading=\"lazy\" decoding=\"async\" width=\"1024\" height=\"576\" src=\"http:\/\/liipetti.net\/saaramesterton\/wp-content\/uploads\/2020\/05\/kallo_ateljee_1-1024x576.png\" alt=\"\" class=\"wp-image-688\" srcset=\"https:\/\/liipetti.net\/saaramesterton\/wp-content\/uploads\/2020\/05\/kallo_ateljee_1-1024x576.png 1024w, https:\/\/liipetti.net\/saaramesterton\/wp-content\/uploads\/2020\/05\/kallo_ateljee_1-300x169.png 300w, https:\/\/liipetti.net\/saaramesterton\/wp-content\/uploads\/2020\/05\/kallo_ateljee_1-768x432.png 768w, https:\/\/liipetti.net\/saaramesterton\/wp-content\/uploads\/2020\/05\/kallo_ateljee_1-624x351.png 624w, https:\/\/liipetti.net\/saaramesterton\/wp-content\/uploads\/2020\/05\/kallo_ateljee_1.png 1920w\" sizes=\"auto, (max-width: 1024px) 100vw, 1024px\" \/><\/figure>\n\n\n\n<figure class=\"wp-block-image\"><img loading=\"lazy\" decoding=\"async\" width=\"1024\" height=\"885\" src=\"http:\/\/liipetti.net\/saaramesterton\/wp-content\/uploads\/2020\/05\/maalaus_valmis_rajattu-1024x885.png\" alt=\"\" class=\"wp-image-691\" srcset=\"https:\/\/liipetti.net\/saaramesterton\/wp-content\/uploads\/2020\/05\/maalaus_valmis_rajattu-1024x885.png 1024w, https:\/\/liipetti.net\/saaramesterton\/wp-content\/uploads\/2020\/05\/maalaus_valmis_rajattu-300x259.png 300w, https:\/\/liipetti.net\/saaramesterton\/wp-content\/uploads\/2020\/05\/maalaus_valmis_rajattu-768x664.png 768w, https:\/\/liipetti.net\/saaramesterton\/wp-content\/uploads\/2020\/05\/maalaus_valmis_rajattu-624x540.png 624w, https:\/\/liipetti.net\/saaramesterton\/wp-content\/uploads\/2020\/05\/maalaus_valmis_rajattu.png 1249w\" sizes=\"auto, (max-width: 1024px) 100vw, 1024px\" \/><figcaption>Kallo \u00f6ljyv\u00e4rimaalaus 150 cm x 105 cm<\/figcaption><\/figure>\n\n\n\n<hr class=\"wp-block-separator\"\/>\n\n\n\n<p><strong>SYD\u00c4MENI LAULU\ufeff<\/strong><br><\/p>\n\n\n\n<p><strong>Syd\u00e4meni laulu <\/strong>k\u00e4sittelee kuolemaa, ihmisen h\u00e4mmennyst\u00e4 kuoleman edess\u00e4. Kohdatessaan kuoleman, ihminen joutuu kummalliseen v\u00e4litilaan, jossa tavallinen arkiel\u00e4m\u00e4 et\u00e4\u00e4ntyy ja yhteiset kokemukset kuolleen kanssa t\u00e4ytt\u00e4v\u00e4t mielen. T\u00e4lle tilalle etsin sanoja ja ilmaisua. Aleksis Kiven runosta Syd\u00e4meni laulu, josta tuli teoksen l\u00e4ht\u00f6kohta. <\/p>\n\n\n\n<p>Videolla teen performanssimatkan \u201cTuonen lehdon mets\u00e4\u00e4n\u201d eri vuoden aikoina. K\u00e4sittelen aihetta my\u00f6s \u00f6ljyv\u00e4rimaalauksessa, joka n\u00e4kyy videolla&nbsp;ja laulan Jean Sibeliuksen s\u00e4velt\u00e4m\u00e4n Syd\u00e4meni laulun.&nbsp;<\/p>\n\n\n\n<figure class=\"wp-block-image\"><img loading=\"lazy\" decoding=\"async\" width=\"1000\" height=\"563\" src=\"http:\/\/liipetti.net\/saaramesterton\/wp-content\/uploads\/2017\/09\/syd_1.jpg\" alt=\"\" class=\"wp-image-509\" srcset=\"https:\/\/liipetti.net\/saaramesterton\/wp-content\/uploads\/2017\/09\/syd_1.jpg 1000w, https:\/\/liipetti.net\/saaramesterton\/wp-content\/uploads\/2017\/09\/syd_1-300x169.jpg 300w, https:\/\/liipetti.net\/saaramesterton\/wp-content\/uploads\/2017\/09\/syd_1-768x432.jpg 768w, https:\/\/liipetti.net\/saaramesterton\/wp-content\/uploads\/2017\/09\/syd_1-624x351.jpg 624w\" sizes=\"auto, (max-width: 1000px) 100vw, 1000px\" \/><\/figure>\n\n\n\n<figure class=\"wp-block-image\"><img loading=\"lazy\" decoding=\"async\" width=\"1000\" height=\"563\" src=\"http:\/\/liipetti.net\/saaramesterton\/wp-content\/uploads\/2017\/09\/syd_2jpg.jpg\" alt=\"\" class=\"wp-image-507\" srcset=\"https:\/\/liipetti.net\/saaramesterton\/wp-content\/uploads\/2017\/09\/syd_2jpg.jpg 1000w, https:\/\/liipetti.net\/saaramesterton\/wp-content\/uploads\/2017\/09\/syd_2jpg-300x169.jpg 300w, https:\/\/liipetti.net\/saaramesterton\/wp-content\/uploads\/2017\/09\/syd_2jpg-768x432.jpg 768w, https:\/\/liipetti.net\/saaramesterton\/wp-content\/uploads\/2017\/09\/syd_2jpg-624x351.jpg 624w\" sizes=\"auto, (max-width: 1000px) 100vw, 1000px\" \/><\/figure>\n\n\n\n<figure class=\"wp-block-image\"><img loading=\"lazy\" decoding=\"async\" width=\"1000\" height=\"563\" src=\"http:\/\/liipetti.net\/saaramesterton\/wp-content\/uploads\/2017\/09\/syd_3.jpg\" alt=\"\" class=\"wp-image-508\" srcset=\"https:\/\/liipetti.net\/saaramesterton\/wp-content\/uploads\/2017\/09\/syd_3.jpg 1000w, https:\/\/liipetti.net\/saaramesterton\/wp-content\/uploads\/2017\/09\/syd_3-300x169.jpg 300w, https:\/\/liipetti.net\/saaramesterton\/wp-content\/uploads\/2017\/09\/syd_3-768x432.jpg 768w, https:\/\/liipetti.net\/saaramesterton\/wp-content\/uploads\/2017\/09\/syd_3-624x351.jpg 624w\" sizes=\"auto, (max-width: 1000px) 100vw, 1000px\" \/><\/figure>\n\n\n\n<figure class=\"wp-block-image\"><img loading=\"lazy\" decoding=\"async\" width=\"1024\" height=\"631\" src=\"http:\/\/liipetti.net\/saaramesterton\/wp-content\/uploads\/2020\/06\/Syd.lau_maalus-1200-jpeg-1024x631.jpg\" alt=\"\" class=\"wp-image-942\" srcset=\"https:\/\/liipetti.net\/saaramesterton\/wp-content\/uploads\/2020\/06\/Syd.lau_maalus-1200-jpeg-1024x631.jpg 1024w, https:\/\/liipetti.net\/saaramesterton\/wp-content\/uploads\/2020\/06\/Syd.lau_maalus-1200-jpeg-300x185.jpg 300w, https:\/\/liipetti.net\/saaramesterton\/wp-content\/uploads\/2020\/06\/Syd.lau_maalus-1200-jpeg-768x474.jpg 768w, https:\/\/liipetti.net\/saaramesterton\/wp-content\/uploads\/2020\/06\/Syd.lau_maalus-1200-jpeg-624x385.jpg 624w, https:\/\/liipetti.net\/saaramesterton\/wp-content\/uploads\/2020\/06\/Syd.lau_maalus-1200-jpeg.jpg 1200w\" sizes=\"auto, (max-width: 1024px) 100vw, 1024px\" \/><figcaption>Syd\u00e4meni laulu \u00f6ljyv\u00e4rimaalaus 154,5 cm x 247,5 cm<\/figcaption><\/figure>\n\n\n\n<p><a href=\"http:\/\/liipetti.net\/saaramesterton\/?page_id=816\">Takaisin galleriaan<\/a><\/p>\n","protected":false},"excerpt":{"rendered":"<p>Vuodesta 2013 l\u00e4htien olen tehnyt performanssivideoita. Performanssiin liittyy aina maalaus, animaationa tai muuten osana videota. Usein siin\u00e4 on my\u00f6s itse laulamani laulu. DURME \/ NUKU \/ SLEEP Durme (Nuku, Sleep) kertoo rakkaudesta ja huolenpidosta vainon keskell\u00e4. Teoksen aikakaari ulottuu keskiajalta nykyhetkeen asti. Videolla laulan ladinonkielisen laulun j\u00e4\u00e4kauden muovaamassa luolassa, joka on ollut ihmisten turvapaikka tuhansien [&hellip;]<\/p>\n","protected":false},"author":1,"featured_media":0,"parent":0,"menu_order":0,"comment_status":"closed","ping_status":"open","template":"","meta":{"footnotes":""},"class_list":["post-86","page","type-page","status-publish","hentry"],"_links":{"self":[{"href":"https:\/\/liipetti.net\/saaramesterton\/index.php?rest_route=\/wp\/v2\/pages\/86","targetHints":{"allow":["GET"]}}],"collection":[{"href":"https:\/\/liipetti.net\/saaramesterton\/index.php?rest_route=\/wp\/v2\/pages"}],"about":[{"href":"https:\/\/liipetti.net\/saaramesterton\/index.php?rest_route=\/wp\/v2\/types\/page"}],"author":[{"embeddable":true,"href":"https:\/\/liipetti.net\/saaramesterton\/index.php?rest_route=\/wp\/v2\/users\/1"}],"replies":[{"embeddable":true,"href":"https:\/\/liipetti.net\/saaramesterton\/index.php?rest_route=%2Fwp%2Fv2%2Fcomments&post=86"}],"version-history":[{"count":165,"href":"https:\/\/liipetti.net\/saaramesterton\/index.php?rest_route=\/wp\/v2\/pages\/86\/revisions"}],"predecessor-version":[{"id":1524,"href":"https:\/\/liipetti.net\/saaramesterton\/index.php?rest_route=\/wp\/v2\/pages\/86\/revisions\/1524"}],"wp:attachment":[{"href":"https:\/\/liipetti.net\/saaramesterton\/index.php?rest_route=%2Fwp%2Fv2%2Fmedia&parent=86"}],"curies":[{"name":"wp","href":"https:\/\/api.w.org\/{rel}","templated":true}]}}